{"id":7642,"date":"2026-01-04T20:40:53","date_gmt":"2026-01-04T19:40:53","guid":{"rendered":"https:\/\/www.feas-fias-svs.ch\/?post_type=product&#038;p=7642"},"modified":"2026-03-11T20:03:16","modified_gmt":"2026-03-11T19:03:16","slug":"7-assurance-chomage-et-indemnite-en-cas-dinsolvabilite-aci-2026","status":"publish","type":"product","link":"https:\/\/www.feas-fias-svs.ch\/de\/examens\/7-assurance-chomage-et-indemnite-en-cas-dinsolvabilite-aci-2026\/","title":{"rendered":"7. Arbeitslosenversicherung und Insolvenzentsch\u00e4digung (ALV) - 2026"},"content":{"rendered":"<p>Die Sozialversicherungs-Fachleute informieren die von Entlassung bedrohten bzw. betroffenen Personen \u00fcber das Verfahren und die Rahmenbedingungen zum Beantragen von Leistungen der Arbeitslosenversicherung sowie \u00fcber die Pflicht sich um eine neue Stelle zu bem\u00fchen. Sie informieren Versicherte und Betriebe \u00fcber die Leistungen der Arbeitslosenversicherung. Die Sozialversicherungs-Fachleute ermitteln den rechtlichen Anspruch und die H\u00f6he der Leistungen. Sie pr\u00fcfen eine allf\u00e4llige Leistungsk\u00fcrzung (Einstelltage). Sie koordinieren mit Unfall-, Krankentaggeld- oder Invalidenversicherungen die Auszahlung von Versicherungsleistungen.<\/p>\n<p>Weiter beraten Sozialversicherungs-Fachleute Arbeitgeberinnen und Arbeitgeber sowie Arbeit Nehmende hinsichtlich der Konsequenzen einer vorzeitiger Pensionierung (1. \/ 2. S\u00e4ule) auf den Anspruch auf Arbeitslosenentsch\u00e4digung und die Folgen von Austrittsleistungen auf den Leistungsanspruch. Die Sozialversicherungs-Fachleute beantworten Anfragen von Unternehmen zur Bewilligung von Kurzarbeits- und Schlechtwetterentsch\u00e4digung. Sie kl\u00e4ren Arbeitgeberinnen und Arbeitgeber dar\u00fcber auf, welche Voraussetzungen gegeben sein m\u00fcssen, und dass Kurzarbeits- und Schlechtwetterentsch\u00e4digung m\u00f6gliche Massnahmen sind, um K\u00fcndigungen zu vermeiden.<\/p>\n","protected":false},"excerpt":{"rendered":"<p>Die Sozialversicherungs-Fachleute informieren die von Entlassung bedrohten bzw. betroffenen Personen \u00fcber das Verfahren und die Rahmenbedingungen zum Beantragen von Leistungen der Arbeitslosenversicherung sowie \u00fcber die Pflicht sich um eine neue Stelle zu bem\u00fchen. Sie informieren Versicherte und Betriebe \u00fcber die Leistungen der Arbeitslosenversicherung. Die Sozialversicherungs-Fachleute ermitteln den rechtlichen Anspruch und die H\u00f6he der Leistungen. Sie [&hellip;]<\/p>\n","protected":false},"featured_media":7179,"comment_status":"open","ping_status":"closed","template":"","meta":{"_acf_changed":false,"ub_ctt_via":""},"product_brand":[],"product_cat":[79,74],"product_tag":[],"class_list":{"0":"post-7642","1":"product","2":"type-product","3":"status-publish","4":"has-post-thumbnail","6":"product_cat-deutch","7":"product_cat-prugunfen","9":"first","10":"outofstock","11":"sold-individually","12":"shipping-taxable","13":"purchasable","14":"product-type-simple"},"acf":[],"_links":{"self":[{"href":"https:\/\/www.feas-fias-svs.ch\/de\/wp-json\/wp\/v2\/product\/7642","targetHints":{"allow":["GET"]}}],"collection":[{"href":"https:\/\/www.feas-fias-svs.ch\/de\/wp-json\/wp\/v2\/product"}],"about":[{"href":"https:\/\/www.feas-fias-svs.ch\/de\/wp-json\/wp\/v2\/types\/product"}],"replies":[{"embeddable":true,"href":"https:\/\/www.feas-fias-svs.ch\/de\/wp-json\/wp\/v2\/comments?post=7642"}],"wp:featuredmedia":[{"embeddable":true,"href":"https:\/\/www.feas-fias-svs.ch\/de\/wp-json\/wp\/v2\/media\/7179"}],"wp:attachment":[{"href":"https:\/\/www.feas-fias-svs.ch\/de\/wp-json\/wp\/v2\/media?parent=7642"}],"wp:term":[{"taxonomy":"product_brand","embeddable":true,"href":"https:\/\/www.feas-fias-svs.ch\/de\/wp-json\/wp\/v2\/product_brand?post=7642"},{"taxonomy":"product_cat","embeddable":true,"href":"https:\/\/www.feas-fias-svs.ch\/de\/wp-json\/wp\/v2\/product_cat?post=7642"},{"taxonomy":"product_tag","embeddable":true,"href":"https:\/\/www.feas-fias-svs.ch\/de\/wp-json\/wp\/v2\/product_tag?post=7642"}],"curies":[{"name":"wp","href":"https:\/\/api.w.org\/{rel}","templated":true}]}}

7. Arbeitslosenversicherung und Insolvenzentschädigung (ALV) - 2026

<p>Die Sozialversicherungs-Fachleute informieren die von Entlassung bedrohten bzw. betroffenen Personen über das Verfahren und die Rahmenbedingungen zum Beantragen von Leistungen der Arbeitslosenversicherung sowie über die Pflicht sich um eine neue Stelle zu bemühen. Sie informieren Versicherte und Betriebe über die Leistungen der Arbeitslosenversicherung. Die Sozialversicherungs-Fachleute ermitteln den rechtlichen Anspruch und die Höhe der Leistungen. Sie prüfen eine allfällige Leistungskürzung (Einstelltage). Sie koordinieren mit Unfall-, Krankentaggeld- oder Invalidenversicherungen die Auszahlung von Versicherungsleistungen.</p>
<p>Weiter beraten Sozialversicherungs-Fachleute Arbeitgeberinnen und Arbeitgeber sowie Arbeit Nehmende hinsichtlich der Konsequenzen einer vorzeitiger Pensionierung (1. / 2. Säule) auf den Anspruch auf Arbeitslosenentschädigung und die Folgen von Austrittsleistungen auf den Leistungsanspruch. Die Sozialversicherungs-Fachleute beantworten Anfragen von Unternehmen zur Bewilligung von Kurzarbeits- und Schlechtwetterentschädigung. Sie klären Arbeitgeberinnen und Arbeitgeber darüber auf, welche Voraussetzungen gegeben sein müssen, und dass Kurzarbeits- und Schlechtwetterentschädigung mögliche Massnahmen sind, um Kündigungen zu vermeiden.</p>

<p>Die Sozialversicherungs-Fachleute informieren die von Entlassung bedrohten bzw. betroffenen Personen über das Verfahren und die Rahmenbedingungen zum Beantragen von Leistungen der Arbeitslosenversicherung sowie über die Pflicht sich um eine neue Stelle zu bemühen. Sie informieren Versicherte und Betriebe über die Leistungen der Arbeitslosenversicherung. Die Sozialversicherungs-Fachleute ermitteln den rechtlichen Anspruch und die Höhe der Leistungen. Sie [&hellip;]</p>
